rime factors of i.
3, 7
Let u(y) = y**3 - 4*y**2 - y - 1. Let o be u(4). Let a(m) = -m**2 - 11*m - 7. Let t be a(o). Suppose t + 43 = 3*n. List the prime factors of n.
2, 11
Let w(c) = c**3 - 32*c**2 - 68*c - 90. What are the prime factors of w(36)?
2, 3, 7
Let k be (6 - 59)*(-9)/3. Let q = 273 - k. Suppose q = 5*t - 26. What are the prime factors of t?
2, 7
Suppose 44819 = 26*f + 15465. What are the prime factors of f?
1129
Let u(a) = -23*a**3 - 3*a**2 + 11*a + 8. What are the prime factors of u(-5)?
2753
Let t = -3 - -7. Suppose 14 = -5*m + t*m. List the prime factors of 147/m*(-2 + -2).
2, 3, 7
Let l = 7 + 3. Let o be l/(-25) + (-302)/(-5). Suppose v + 2*v = o. What are the prime factors of v?
2, 5
Let y = -3 + 1. Let j be 4*(y + 33/12). Suppose -j*d - 75 = -5*v + 2*v, v = 2*d + 23. List the prime factors of v.
3
List the prime factors of 29434/(-28)*-2 - (-60)/105.
3, 701
Suppose 5*z - 3*y = 157, -z + 15 + 13 = -4*y. Let x = z + -10. What are the prime factors of x?
2, 11
Suppose d + 5*c + 20 = 0, 2*c - 1 = 2*d - 21. Suppose -y = -2*y - w + 14, 3*w + 102 = d*y. List the prime factors of y.
2, 3
Let t be 86/(-2) - (35/5 - 3). Let r = t - -99. What are the prime factors of r?
2, 13
Let f = 1 - 1. Suppose 0 = 2*v + k - 6, v = -f*v + 5*k + 14. Suppose v*i + 0*i = 64. List the prime factors of i.
2
Suppose 265*p - 246*p - 532 = 0. What are the prime factors of p?
2, 7
Suppose 112 = -20*l + 27*l. List the prime factors of 866/14 - l/(-112).
2, 31
Let o(h) be the first derivative of -h**3/3 + 3*h**2/2 - 4*h + 7. Let m be o(6). Let f = m - -41. What are the prime factors of f?
19
Suppose 4*b - 3 = -11. Let f(t) = 5*t**2 + 3*t + 2. Let y be f(b). Let l = 64 - y. What are the prime factors of l?
2, 3
Let g(w) = -w**3 - 13*w**2 + 20. Let n be g(-13). What are the prime factors of (5 + (-835)/n)/((-6)/16)?
2, 7
Suppose -13*j = -12*j + w - 219, w = 3*j - 669. What are the prime factors of j?
2, 3, 37
Suppose 2*z = -3*z + 5. Let w(f) = 5 + 0*f + f - 6 + 4*f. What are the prime factors of w(z)?
2
Let u(s) = -s**2 + 42*s - 163. List the prime factors of u(31).
2, 89
Let p be (-1)/((-3)/2)*15. Let i(v) = v**3 - 9*v**2 - 10*v + 5. Let x be i(p). Let l = -1 + x. List the prime factors of l.
2
Let m = -14 - -64. Suppose 0 = -5*b + 3*b + 150. Let z = b - m. List the prime factors of z.
5
Let b(z) = 116*z + 1. Let s = 21 - 20. Let a be b(s). List the prime factors of a/4 + 7/(-28).
29
Suppose -8*l - 6036 = -4*x, -28*x + 24*x = -2*l - 6054. What are the prime factors of x?
3, 5, 101
Let z be (-4 + 3)/((-5)/35). Let i = z + 172. List the prime factors of i.
179
Let o(y) = 24*y + 56. Let w be o(13). Let a = w - 102. What are the prime factors of a?
2, 7, 19
What are the prime factors of ((-6)/5)/(18/(-630))?
2, 3, 7
List the prime factors of 0 + (-4)/(-6) - (-144100)/165.
2, 19, 23
Let y = 3 - -9. Let w = y - 7. Suppose r = 4*r - 4*l - 90, w*l = r - 19. List the prime factors of r.
2, 17
Let r(j) = -25*j + 237. What are the prime factors of r(0)?
3, 79
What are the prime factors of (-74)/333 + (-10185)/(-27)?
13, 29
Let y be 12/15*(-10)/(-4). Suppose y*r = 5*r + 33. Let t = 85 + r. List the prime factors of t.
2, 37
Let k(m) be the first derivative of 2*m**3/3 - 3*m**2 - 3. What are the prime factors of k(-8)?
2, 11
Suppose -y + 201 = 3*g, 3*y + 67 = g + 2*y. Let n = -18 + g. What are the prime factors of n?
7
Let d(v) = 2*v**2 + 86*v - 70. List the prime factors of d(-51).
2, 373
Suppose m + m = -5*u + 21, 5*m = 4*u + 3. Let g be 2/2*-1 + u. Suppose -j - 4*w = 4*j - 270, -4*w = g*j - 108. What are the prime factors of j?
2, 3
Let c = -649 - -654. What are the prime factors of c?
5
Let h(r) = 36*r - 84. Let j = -65 + 74. List the prime factors of h(j).
2, 3, 5
Let z(i) = 3*i**2 + 3*i - 4. Let p be z(-4). Suppose 0 = -x + p + 40. List the prime factors of x.
2, 3
Suppose 0 = a - c - 6, -2*c = a + 3*c - 24. Let j(p) = 15*p - 9. What are the prime factors of j(a)?
2, 3, 7
Let r = -1842 - -3396. What are the prime factors of r?
2, 3, 7, 37
Suppose -2*j = 5*d - 3*j - 81, 5*j = -5. Let b be (16/(-36))/((-8)/792). Let t = b + d. List the prime factors of t.
2, 3, 5
Suppose -3*j = 3*v + 36, 0*v + 20 = -v - 5*j. List the prime factors of 162/((-5)/(v/3)).
2, 3
Let v(t) = 11*t**3 - 4*t**2 + 4*t - 1. Let d be v(3). Let c = -189 + d. What are the prime factors of c?
83
Let o be 2 + 6 - (-3 + 0). Suppose -4*v = j + 2*j + o, 0 = v + 5. Suppose -j*y + 29 = 4*r - 36, 127 = 5*y + 2*r. List the prime factors of y.
3
Suppose 87 = 13*w + 243. List the prime factors of (-2)/(-6) - (0 - (-752)/w).
3, 7
Suppose -2*r - 767 = -1921. Suppose -3*m + 459 = 5*f, -4*m + r = -0*m - 5*f. List the prime factors of m.
2, 37
Let r be (-4)/((-34)/(-10) + -3). Let q be 8/(-5) - (-4)/r. List the prime factors of q/3 + (-80)/(-12).
2, 3
Let o be 4 - 0 - (-5 - -6). Suppose 4*z - 10 = -o*q, 2*z - 8 = 2*q - 5*q. Suppose q*i - 31 = 25. What are the prime factors of i?
2, 7
Suppose 5*b + 3 = 13. What are the prime factors of 202/2 + b/5*5?
103
Let p be (0 - (-48)/(-18))/((-4)/(-30)). What are the prime factors of 12/p - (-283)/5?
2, 7
Suppose -3*d + d + 2*c - 4 = 0, -c + 5 = 0. Let q be -3*d/(18/(-82)). Let z = q - 4. List the prime factors of z.
37
Suppose -16 - 4 = -5*n. Let k(g) = -2*g + 5. Let z be k(n). What are the prime factors of (1 + -3)/(z/78)?
2, 13
Suppose -4*t - 157 = 139. Let j = 38 + t. Let w = -8 - j. List the prime factors of w.
2, 7
Suppose 0 = -0*l - l + 13. Let j = 82 + l. What are the prime factors of j?
5, 19
Let q(f) = 295*f - 28. List the prime factors of q(3).
857
Let g(t) = t**2 + 2*t + 2. Let z be g(-4). Suppose -z*m = -13*m + 42. Let i = m - -4. List the prime factors of i.
2, 3
Suppose 289 = 3*z + x, -3*x + 2*x - 299 = -3*z. Suppose -z + 62 = -3*d. What are the prime factors of d?
2, 3
Let c(x) = x + 10. Let h be c(-6). Suppose -h*g + 165 = -4*a - 127, 3 = -a. List the prime factors of g.
2, 5, 7
Suppose -5*v + 7428 + 4558 = 4*b, 2*v - 4792 = -b. What are the prime factors of v?
2, 3, 7, 19
Let x = 9 + -9. Let p = 4 + x. Suppose 148 = 7*w - 3*w + 2*r, -2*w + 64 = -p*r. What are the prime factors of w?
2, 3
Let d(g) = 30*g**2 - 7*g - 13. What are the prime factors of d(6)?
5, 41
Let i = -181 - -662. List the prime factors of i.
13, 37
List the prime factors of (-4560)/(-50)*20/8.
2, 3, 19
Let r be (-92)/(-8) + 1/2. Suppose 5*d - d = r. Suppose 0 = k, 2*k = d*m + 6*k - 81. What are the prime factors of m?
3
Let n be 7*((-120)/28 + 0). Let v = n - -15. What are the prime factors of 4/(-6) + (-445)/v?
29
Suppose -4*q + 3 = 43. Let h be 20/(-8)*16/q. Suppose -p + 11 = p + 5*c, h*p = -2*c + 46. What are the prime factors of p?
13
Suppose -1863 + 559 = -2*k. Suppose 5*f - 413 - k = 0. List the prime factors of f.
3, 71
Let y(a) = a**3 - a**2 - a + 801. List the prime factors of y(0).
3, 89
What are the prime factors of (1/2)/(10 - (-1598)/(-160))?
2, 5
Let m = 22 + -17. Suppose 2*a + 167 = 3*i, -3*i - m*a = 8 - 210. What are the prime factors of i?
59
List the prime factors of 4 + (2 - (-4 + -731)).
3, 13, 19
Let i(v) = -67*v**2 + 4*v - 3. Let u be i(2). Let y = u + 466. What are the prime factors of y?
7, 29
Let x(b) = 5*b**2 + b - 5. Let u(i) = -5*i**2 - 2*i + 4. Let y(m) = 2*u(m) + 3*x(m). Let h be y(3). Let v = 80 - h. What are the prime factors of v?
3, 5
Let z = 1496 + -886. List the prime factors of z.
2, 5, 61
Let j be (12/(-3))/(-1) + -1. Suppose -5*f = 5*v - 40, 10 = j*f + v - 8. What are the prime factors of (24/f)/(4/30)?
2, 3
Let f = 765 + -514. What are the prime factors of f?
251
Suppose 2*j + 9 = o, -2*o = -7*o - 5*j + 45. What are the prime factors of ((-1026)/(-4))/9*12/o?
2, 19
Suppose 3*v - 3*s = 1584, 27*v - s - 1576 = 24*v. List the prime factors of v.
2, 131
Suppose f - 5*u + u + 5 = 0, -3*f + u = 4. Let n be f/(-5) + (-248)/(-10). Let p = n - 9. List the prime factors of p.
2
List the prime factors of 2719 - -20*(-1)/5.
3, 5, 181
Let h = 51 + -22. Suppose 0 = -4*n - 5 + h. List the prime factors of n.
2, 3
Let s(r) = r**3 + 6*r**2 - 8*r + 5. Suppose -9*w = -8*w - 1. Suppose 2*a - w = -y, 2*a = 6*a - 16. List the prime factors of s(y).
2, 3
Let g = -1812 - -4579. List the prime factors of g.
2767
Let z(s) = -s**2 - 14*s + 26. List the prime factors of z(-13)